{"id":442,"date":"2020-08-24T08:18:17","date_gmt":"2020-08-24T08:18:17","guid":{"rendered":"http:\/\/isabellefaure-ccf.fr\/index.php\/contact\/"},"modified":"2025-04-13T17:24:10","modified_gmt":"2025-04-13T17:24:10","slug":"contact","status":"publish","type":"page","link":"https:\/\/isabellefaure-ccf.fr\/index.php\/contact\/","title":{"rendered":"Informations\/Tarifs\/Contact"},"content":{"rendered":"\n<div class=\"wp-block-cover alignfull is-light has-parallax is-position-center-center\" style=\"min-height:850px;aspect-ratio:unset;\"><span aria-hidden=\"true\" class=\"wp-block-cover__background has-black-background-color has-background-dim-20 has-background-dim\"><\/span><div class=\"wp-block-cover__image-background wp-image-654 has-parallax\" style=\"background-position:50% 50%;background-image:url(http:\/\/isabellefaure-ccf.fr\/wp-content\/uploads\/2021\/06\/morning-sun-light-shine-with-blue-cloudy-backgroun-EJQN679_small.jpg)\"><\/div><div class=\"wp-block-cover__inner-container is-layout-flow wp-block-cover-is-layout-flow\">\n<h1 class=\"wp-block-heading has-white-color has-text-color\">Contacts<\/h1>\n<\/div><\/div>\n\n\n\n<div class=\"wp-block-group alignfull has-background\" style=\"background-color:#fbf7f7\"><div class=\"wp-block-group__inner-container is-layout-flow wp-block-group-is-layout-flow\">\n<div class=\"wp-block-columns alignwide is-layout-flex wp-container-core-columns-is-layout-9d6595d7 wp-block-columns-is-layout-flex\">\n<div class=\"wp-block-column is-layout-flow wp-block-column-is-layout-flow\">\n<h3 class=\"wp-block-heading\">Contacts<\/h3>\n\n\n\n<hr class=\"wp-block-separator has-css-opacity is-style-wide\"\/>\n\n\n\n<p>Isabelle FAURE<br>Conseill\u00e8re Conjugale et Familiale<br>Sexoth\u00e9rapeute<br>T\u00e9l : 06 10 29 06 47<br><\/p>\n\n\n\n<p>Adresse du cabinet :  <\/p>\n\n\n\n<p>42800 RIVE DE GIER<\/p>\n\n\n\n<p><a href=\"mailto:isabellefaureccf@gmail.com\" title=\"mailto:isabellefaureccf@gmail.com\">isabellefaureccf@gmail.com <\/a><a href=\"https:\/\/www.isabellefaure-ccf.fr\/\" target=\"_blank\" rel=\"noreferrer noopener\">https:\/\/www.isabellefaure-ccf.fr<\/a><\/p>\n\n\n\n<p><\/p>\n<\/div>\n\n\n\n<div class=\"wp-block-column is-layout-flow wp-block-column-is-layout-flow\">\n<h3 class=\"wp-block-heading\">Tarifs<\/h3>\n\n\n\n<hr class=\"wp-block-separator has-css-opacity is-style-wide\"\/>\n\n\n\n<p>Une consultation dure de 1h \u00e0 1h15.<\/p>\n\n\n\n<p>Honoraires\u00a0: <br>Entretien individuel : 60 \u20ac<br>Entretien de couple : 70 \u20ac<\/p>\n\n\n\n<p>Les consultations sont prises en charge par certaines mutuelles.<\/p>\n<\/div>\n\n\n\n<div class=\"wp-block-column is-layout-flow wp-block-column-is-layout-flow\">\n<h3 class=\"wp-block-heading\">Informations<\/h3>\n\n\n\n<hr class=\"wp-block-separator has-css-opacity is-style-wide\"\/>\n\n\n\n<p>Entretiens sur rendez-vous.<\/p>\n\n\n\n<p>La fr\u00e9quence des entretiens se d\u00e9cide ensemble.<\/p>\n<\/div>\n<\/div>\n\n\n\n<div style=\"height:45px\" aria-hidden=\"true\" class=\"wp-block-spacer\"><\/div>\n<\/div><\/div>\n\n\n","protected":false},"excerpt":{"rendered":"<p>Contacts Isabelle FAUREConseill\u00e8re Conjugale et FamilialeSexoth\u00e9rapeuteT\u00e9l : 06 10 29 06 47 Adresse du cabinet : 42800 RIVE DE GIER isabellefaureccf@gmail.com https:\/\/www.isabellefaure-ccf.fr Tarifs Une consultation dure de 1h \u00e0 1h15. Honoraires\u00a0: Entretien individuel : 60 \u20acEntretien de couple : 70 \u20ac Les consultations sont prises en charge par certaines mutuelles. Informations Entretiens sur rendez-vous. La &hellip;<\/p>\n<p class=\"read-more\"> <a class=\"\" href=\"https:\/\/isabellefaure-ccf.fr\/index.php\/contact\/\"> <span class=\"screen-reader-text\">Informations\/Tarifs\/Contact<\/span> Lire la suite\u00a0\u00bb<\/a><\/p>\n","protected":false},"author":2,"featured_media":0,"parent":0,"menu_order":0,"comment_status":"closed","ping_status":"closed","template":"","meta":{"om_disable_all_campaigns":false,"_monsterinsights_skip_tracking":false,"_monsterinsights_sitenote_active":false,"_monsterinsights_sitenote_note":"","_monsterinsights_sitenote_category":0,"spay_email":"","footnotes":""},"class_list":["post-442","page","type-page","status-publish","hentry"],"_links":{"self":[{"href":"https:\/\/isabellefaure-ccf.fr\/index.php\/wp-json\/wp\/v2\/pages\/442","targetHints":{"allow":["GET"]}}],"collection":[{"href":"https:\/\/isabellefaure-ccf.fr\/index.php\/wp-json\/wp\/v2\/pages"}],"about":[{"href":"https:\/\/isabellefaure-ccf.fr\/index.php\/wp-json\/wp\/v2\/types\/page"}],"author":[{"embeddable":true,"href":"https:\/\/isabellefaure-ccf.fr\/index.php\/wp-json\/wp\/v2\/users\/2"}],"replies":[{"embeddable":true,"href":"https:\/\/isabellefaure-ccf.fr\/index.php\/wp-json\/wp\/v2\/comments?post=442"}],"version-history":[{"count":17,"href":"https:\/\/isabellefaure-ccf.fr\/index.php\/wp-json\/wp\/v2\/pages\/442\/revisions"}],"predecessor-version":[{"id":792,"href":"https:\/\/isabellefaure-ccf.fr\/index.php\/wp-json\/wp\/v2\/pages\/442\/revisions\/792"}],"wp:attachment":[{"href":"https:\/\/isabellefaure-ccf.fr\/index.php\/wp-json\/wp\/v2\/media?parent=442"}],"curies":[{"name":"wp","href":"https:\/\/api.w.org\/{rel}","templated":true}]}}